ctors of 113487?
3, 11, 19, 181
What are the prime factors of 14020?
2, 5, 701
List the prime factors of 54503.
54503
What are the prime factors of 1716?
2, 3, 11, 13
What are the prime factors of 25785?
3, 5, 191
What are the prime factors of 27462?
2, 3, 23, 199
List the prime factors of 7764.
2, 3, 647
What are the prime factors of 2802?
2, 3, 467
What are the prime factors of 78000?
2, 3, 5, 13
What are the prime factors of 832?
2, 13
What are the prime factors of 14921?
43, 347
What are the prime factors of 1343?
17, 79
What are the prime factors of 59019?
3, 103, 191
What are the prime factors of 9750?
2, 3, 5, 13
List the prime factors of 1845.
3, 5, 41
What are the prime factors of 14314?
2, 17, 421
List the prime factors of 13133.
23, 571
What are the prime factors of 386?
2, 193
List the prime factors of 3596.
2, 29, 31
List the prime factors of 918.
2, 3, 17
What are the prime factors of 20?
2, 5
List the prime factors of 15075.
3, 5, 67
What are the prime factors of 441?
3, 7
List the prime factors of 1823.
1823
What are the prime factors of 551?
19, 29
List the prime factors of 809.
809
List the prime factors of 22168.
2, 17, 163
List the prime factors of 3878.
2, 7, 277
What are the prime factors of 2428?
2, 607
List the prime factors of 22977.
3, 23, 37
List the prime factors of 975.
3, 5, 13
List the prime factors of 1117.
1117
List the prime factors of 3217.
3217
List the prime factors of 51309.
3, 5701
What are the prime factors of 489?
3, 163
What are the prime factors of 2454?
2, 3, 409
List the prime factors of 12598.
2, 6299
List the prime factors of 223.
223
What are the prime factors of 1785?
3, 5, 7, 17
What are the prime factors of 3482?
2, 1741
What are the prime factors of 1625?
5, 13
What are the prime factors of 9172?
2, 2293
List the prime factors of 2266.
2, 11, 103
List the prime factors of 53.
53
List the prime factors of 50645.
5, 7, 1447
What are the prime factors of 102363?
3, 149, 229
What are the prime factors of 5778?
2, 3, 107
List the prime factors of 13724.
2, 47, 73
What are the prime factors of 2402?
2, 1201
What are the prime factors of 2283?
3, 761
List the prime factors of 542.
2, 271
What are the prime factors of 51335?
5, 10267
What are the prime factors of 14793?
3, 4931
What are the prime factors of 37747?
37747
What are the prime factors of 36244?
2, 13, 17, 41
What are the prime factors of 1630?
2, 5, 163
List the prime factors of 22196.
2, 31, 179
List the prime factors of 31421.
13, 2417
List the prime factors of 439.
439
What are the prime factors of 13611?
3, 13, 349
What are the prime factors of 1402?
2, 701
List the prime factors of 3446.
2, 1723
List the prime factors of 289.
17
List the prime factors of 53766.
2, 3, 29, 103
What are the prime factors of 8419?
8419
List the prime factors of 272.
2, 17
List the prime factors of 9385.
5, 1877
List the prime factors of 38087.
7, 5441
What are the prime factors of 135542?
2, 11, 61, 101
List the prime factors of 18333.
3, 7, 97
List the prime factors of 1480.
2, 5, 37
List the prime factors of 3722.
2, 1861
List the prime factors of 134995.
5, 7, 19, 29
What are the prime factors of 1757?
7, 251
List the prime factors of 4802.
2, 7
List the prime factors of 2363.
17, 139
What are the prime factors of 3301?
3301
List the prime factors of 1734.
2, 3, 17
List the prime factors of 4294.
2, 19, 113
What are the prime factors of 5871?
3, 19, 103
List the prime factors of 79205.
5, 7, 31, 73
List the prime factors of 3653.
13, 281
What are the prime factors of 280?
2, 5, 7
List the prime factors of 6558.
2, 3, 1093
List the prime factors of 1495.
5, 13, 23
List the prime factors of 5021.
5021
List the prime factors of 30550.
2, 5, 13, 47
List the prime factors of 22076.
2, 5519
List the prime factors of 23404.
2, 5851
What are the prime factors of 18265?
5, 13, 281
What are the prime factors of 1751?
17, 103
What are the prime factors of 915?
3, 5, 61
List the prime factors of 1290.
2, 3, 5, 43
List the prime factors of 1926.
2, 3, 107
What are the prime factors of 614?
2, 307
What are the prime factors of 7983?
3, 887
What are the prime factors of 642?
2, 3, 107
List the prime factors of 243.
3
What are the prime factors of 11027?
11027
What are the prime factors of 759?
3, 11, 23
What are the prime factors of 47569?
47569
List the prime factors of 173.
173
List the prime factors of 10313.
10313
What are the prime factors of 9341?
9341
List the prime factors of 13525.
5, 541
List the prime factors of 13072.
2, 19, 43
List the prime factors of 25294.
2, 12647
List the prime factors of 1278.
2, 3, 71
What are the prime factors of 71411?
71411
List the prime factors of 36.
2, 3
What are the prime factors of 1513?
17, 89
What are the prime factors of 795?
3, 5, 53
What are the prime factors of 2149?
7, 307
List the prime factors of 396.
2, 3, 11
What are the prime factors of 2599?
23, 113
What are the prime factors of 4578?
2, 3, 7, 109
List the prime factors of 57968.
2, 3623
List the prime factors of 5803.
7, 829
What are the prime factors of 728?
2, 7, 13
List the prime factors of 27965.
5, 7, 17, 47
List the prime factors of 887.
887
List the prime factors of 12568.
2, 1571
What are the prime factors of 3055?
5, 13, 47
What are the prime factors of 1257?
3, 419
What are the prime factors of 3194?
2, 1597
What are the prime factors of 254?
2, 127
What are the prime factors of 20994?
2, 3, 3499
List the prime factors of 33056.
2, 1033
What are the prime factors of 3237?
3, 13, 83
What are the prime factors of 5579?
7, 797
What are the prime factors of 1078?
2, 7, 11
List the prime factors of 7226.
2, 3613
What are the prime factors of 73?
73
What are the prime factors of 3981?
3, 1327
List the prime factors of 1709.
1709
What are the prime factors of 295?
5, 59
What are the prime factors of 15?
3, 5
What are the prime factors of 1557?
3, 173
What are the prime factors of 888?
2, 3, 37
List the prime factors of 131.
131
List the prime factors of 5024.
2, 157
What are the prime factors of 3015?
3, 5, 67
List the prime factors of 46574.
2, 11, 29, 73
What are the prime factors of 106974?
2, 3, 7, 283
What are the prime factors of 5366?
2, 2683
List the prime factors of 1947.
3, 11, 59
What are the prime factors of 2159?
17, 127
List the prime factors of 5132.
2, 1283
List the prime factors of 21373.
11, 29, 67
What are the prime factors of 91268?
2, 22817
List the prime factors of 42154.
2, 7, 3011
What are the prime factors of 1998?
2, 3, 37
List the prime factors of 849.
3, 283
What are the prime factors of 1709?
1709
What are the prime factors of 1860?
2, 3, 5, 31
What are the prime factors of 3846?
2, 3, 641
List the prime factors of 330.
2, 3, 5, 11
List the prime factors of 166610.
2, 5, 16661
What are the prime factors of 2128?
2, 7, 19
What are the prime factors of 1767?
3, 19, 31
List the prime factors of 61523.
7, 11, 17, 47
List the prime factors of 16298.
2, 29, 281
List the prime factors of 13267.
13267
List the prime factors of 61061.
7, 11, 13, 61
What are the prime factors of 661?
661
What are the prime factors of 421?
421
List the prime factors of 5874.
2, 3, 11, 89
What are the prime factors of 27091?
27091
What are the prime factors of 978?
2, 3, 163
List the prime factors of 1479.
3, 17, 29
List the prime factors of 8426.
2, 11, 383
What are the prime factors of 279?
3, 31
List the prime factors of 2006.
2, 17, 59
What are the prime factors of 15918?
2, 3, 7, 379
What are the prime factors of 2044?
2, 7, 73
What are the prime factors of 1237?
1237
What are the prime factors of 94711?
53, 1787
List the prime factors of 6433.
7, 919
List the prime factors of 1216.
2, 19
List the prime factors of 5806.
2, 2903
List the prime factors of 643.
643
What are the prime factors of 2138?
2, 1069
List the prime factors of 16480.
2, 5, 103
What are the prime factors of 57?
3, 19
What are the prime factors of 15983?
11, 1453
List the prime factors of 797.
797
What are the prime factors of 43360?
2, 5, 271
List the prime factors of 724.
2, 181
List the prime factors of 16846.
2, 8423
List the prime factors of 262.
2, 131
What are the prime factors of 19439?
7, 2777
List the prime factors of 3.
3
What are the prime factors of 78?
2, 3, 13
